{"id":4255,"date":"2024-11-06T11:40:29","date_gmt":"2024-11-06T14:40:29","guid":{"rendered":"https:\/\/fainweb.uncoma.edu.ar\/?page_id=4255"},"modified":"2024-11-06T11:40:29","modified_gmt":"2024-11-06T14:40:29","slug":"grupo-oat","status":"publish","type":"page","link":"https:\/\/fainweb.uncoma.edu.ar\/index.php\/grupo-oat\/","title":{"rendered":"GRUPO OAT"},"content":{"rendered":"<p><span style=\"font-size: 14pt;\"><strong>GRUPO OAT<br \/>\n<\/strong><\/span><em>Auditor\u00edas T\u00e9cnicas, Ambientales y de Seguridad de Instalaciones de Almacenamiento de Hidrocarburos y sus derivados<\/em><br \/>\nRes. SE 414\/21, 785\/05, 1102\/04, 1296\/04<\/p>\n<p><strong>\u00bfQui\u00e9nes somos?<\/strong><br \/>\nSomos un grupo de transferencia de una instituci\u00f3n universitaria compuesto por integrantes que buscamos permanentemente la mejora profesional y la rigurosidad de las actividades que desarrollamos.<\/p>\n<p><strong>\u00bfQu\u00e9 hacemos?<\/strong><br \/>\nPlanificamos, desarrollamos y ejecutamos auditor\u00edas ambientales, t\u00e9cnicas y de seguridad, actuamos consecuentemente a la normativa vigente del organismo de control y de la Universidad.<\/p>\n<p><strong>\u00bfPara qui\u00e9n?<\/strong><br \/>\nNuestros informes de auditor\u00eda representan un insumo para la toma de decisiones de la Secretar\u00eda de Energ\u00eda. Las inspecciones y auditorias tienen como prop\u00f3sito el control de p\u00e9rdidas de tanques que almacenan hidrocarburos y sus derivados, con el fin de resguardar a las personas, a las instalaciones y al ambiente.<\/p>\n<p><strong>\u00bfC\u00f3mo lo hacemos?<\/strong><br \/>\nElegimos formar y profesionalizar a los auditores reconocidos por la Secretar\u00eda de Energ\u00eda de la Naci\u00f3n. Contamos con el personal que se capacita de manera continua y equipos propios aspirando permanentemente a nuevos desarrollos tecnol\u00f3gicos.<\/p>\n<p><span style=\"font-size: 14pt; background-color: #ccffcc;\"><strong>SERVICIOS<\/strong><\/span><\/p>\n<p><strong>AUDITOR\u00cdAS AMBIENTALES<br \/>\n<\/strong>Conformado por un Representante T\u00e9cnico ante la SEN y un equipo de 7 auditores Junior y Senior y auditores en formaci\u00f3n (Becarios), de las carreras Licenciatura en Saneamiento y Protecci\u00f3n ambiental y Geolog\u00eda, todos ellos formados en la Universidad Nacional del Comahue.<br \/>\nDesde el 2015, trabajamos de manera conjunta con el Laboratorio de Cromatograf\u00eda de la Facultad de Ingenier\u00eda, eslab\u00f3n esencial para mantener el est\u00e1ndar y calidad en el an\u00e1lisis de muestras de agua y suelo, siguiendo los criterios establecidos en la Norma ISO\/IEC 17025:2017.<br \/>\nEl LCR, como laboratorio universitario, brinda un valor agregado al tener una perspectiva desde la investigaci\u00f3n y el desarrollo.<\/p>\n<p><strong>LABORATORIO DE CROMATOGRAF\u00cdA<\/strong><br \/>\nLa UNCO cuenta con el Registro Provincial de Prestadores de Servicios Ambientales del Neuqu\u00e9n REPPSA N\u00ba 752\/18 y con el l Registro de Consultores Ambientales de la provincia de R\u00edo Negro N\u00b0 389.<br \/>\nNuestros auditores ambientales se encuentran inscriptos en el Registro de Profesionales y T\u00e9cnicos del Departamento de Aguas de la provincia de R\u00edo Negro y en el RENATOM (Registro Nacional de Tomadores de Muestras).<\/p>\n<p><strong>AUDITOR\u00cdAS DE SEGURIDAD<\/strong><br \/>\nRealizamos auditor\u00edas de seguridad desde el a\u00f1o 2011. Hoy en d\u00eda este \u00e1rea esta en consolidaci\u00f3n y desarrollo, cuenta con Representante T\u00e9cnico ante la SEN, promete una expansi\u00f3n de su actividad en el \u00e1mbito nacional, en el corto plazo. Conformado por un equipo de 7 auditores Junior y Senior y auditores en formaci\u00f3n de las carreras de Ingenier\u00eda Mec\u00e1nica, Civil y en Petr\u00f3leo, todos ellos formados en la Universidad Nacional del Comahue.<\/p>\n<p><strong>AUDITOR\u00cdAS T\u00c9CNICAS<\/strong><br \/>\nNuestros equipos permiten, a trav\u00e9s de su tecnolog\u00eda, la correcta medici\u00f3n de datos de tanques asegurando la autenticidad de las mediciones de integridad.<\/p>\n<p><strong>CAPACITACIONES<\/strong><br \/>\nPropagamos nuestro conocimiento acompa\u00f1ando al desarrollo regional, a trav\u00e9s de la experiencia pr\u00e1ctica obtenida en el campo como tambi\u00e9n el conocimiento cient\u00edfico acad\u00e9mico propio de los profesionales de la Universidad Nacional del Comahue.<\/p>\n<p><span style=\"font-size: 14pt; background-color: #ccffcc;\"><strong>CONTACTO:<\/strong><\/span><\/p>\n<p><strong>N\u00famero de tel\u00e9fono<\/strong>: 299 4490300 INT 710<br \/>\n<strong>Correo electr\u00f3nico<\/strong>: oat.auditorias.uncoma@gmail.com<br \/>\nREGISTRO DE ENTIDADES AUDITORAS AVALADAS POR LA SEN: <a href=\"https:\/\/www.argentina.gob.ar\/economia\/energia\/hidrocarburos\/entidadesauditoras-registradas-por-categorias\">https:\/\/www.argentina.gob.ar\/economia\/energia\/hidrocarburos\/entidadesauditoras-registradas-por-categorias<\/a><\/p>\n","protected":false},"excerpt":{"rendered":"<p>GRUPO OAT Auditor\u00edas T\u00e9cnicas, Ambientales y de Seguridad de Instalaciones  [&#8230;]<\/p>\n","protected":false},"author":13,"featured_media":0,"parent":0,"menu_order":0,"comment_status":"closed","ping_status":"closed","template":"","meta":{"_acf_changed":false,"footnotes":""},"class_list":["post-4255","page","type-page","status-publish","hentry"],"acf":[],"_links":{"self":[{"href":"https:\/\/fainweb.uncoma.edu.ar\/index.php\/wp-json\/wp\/v2\/pages\/4255","targetHints":{"allow":["GET"]}}],"collection":[{"href":"https:\/\/fainweb.uncoma.edu.ar\/index.php\/wp-json\/wp\/v2\/pages"}],"about":[{"href":"https:\/\/fainweb.uncoma.edu.ar\/index.php\/wp-json\/wp\/v2\/types\/page"}],"author":[{"embeddable":true,"href":"https:\/\/fainweb.uncoma.edu.ar\/index.php\/wp-json\/wp\/v2\/users\/13"}],"replies":[{"embeddable":true,"href":"https:\/\/fainweb.uncoma.edu.ar\/index.php\/wp-json\/wp\/v2\/comments?post=4255"}],"version-history":[{"count":1,"href":"https:\/\/fainweb.uncoma.edu.ar\/index.php\/wp-json\/wp\/v2\/pages\/4255\/revisions"}],"predecessor-version":[{"id":4256,"href":"https:\/\/fainweb.uncoma.edu.ar\/index.php\/wp-json\/wp\/v2\/pages\/4255\/revisions\/4256"}],"wp:attachment":[{"href":"https:\/\/fainweb.uncoma.edu.ar\/index.php\/wp-json\/wp\/v2\/media?parent=4255"}],"curies":[{"name":"wp","href":"https:\/\/api.w.org\/{rel}","templated":true}]}}