{"id":3883,"date":"2023-12-18T08:48:05","date_gmt":"2023-12-18T11:48:05","guid":{"rendered":"https:\/\/fainweb.uncoma.edu.ar\/?page_id=3883"},"modified":"2023-12-18T08:48:05","modified_gmt":"2023-12-18T11:48:05","slug":"petroleo-y-quimica-del-comahue","status":"publish","type":"page","link":"https:\/\/fainweb.uncoma.edu.ar\/index.php\/petroleo-y-quimica-del-comahue\/","title":{"rendered":"PETR\u00d3LEO Y QU\u00cdMICA DEL COMAHUE"},"content":{"rendered":"<p><img decoding=\"async\" src=\"http:\/\/fainweb.uncoma.edu.ar\/wp-content\/uploads\/2021\/10\/icono01-3.png\" alt=\"\" width=\"200\" height=\"200\" class=\"alignnone size-full wp-image-2117\" srcset=\"https:\/\/fainweb.uncoma.edu.ar\/wp-content\/uploads\/2021\/10\/icono01-3-66x66.png 66w, https:\/\/fainweb.uncoma.edu.ar\/wp-content\/uploads\/2021\/10\/icono01-3-150x150.png 150w, https:\/\/fainweb.uncoma.edu.ar\/wp-content\/uploads\/2021\/10\/icono01-3.png 200w\" sizes=\"(max-width: 200px) 100vw, 200px\" \/>\u00a0 \u00a0 <img decoding=\"async\" src=\"http:\/\/fainweb.uncoma.edu.ar\/wp-content\/uploads\/2021\/10\/icono02.png\" alt=\"\" width=\"200\" height=\"200\" class=\"alignnone size-full wp-image-2132\" srcset=\"https:\/\/fainweb.uncoma.edu.ar\/wp-content\/uploads\/2021\/10\/icono02-66x66.png 66w, https:\/\/fainweb.uncoma.edu.ar\/wp-content\/uploads\/2021\/10\/icono02-150x150.png 150w, https:\/\/fainweb.uncoma.edu.ar\/wp-content\/uploads\/2021\/10\/icono02.png 200w\" sizes=\"(max-width: 200px) 100vw, 200px\" \/>\u00a0 \u00a0 <img decoding=\"async\" src=\"http:\/\/fainweb.uncoma.edu.ar\/wp-content\/uploads\/2021\/10\/icono03-2.png\" alt=\"\" width=\"200\" height=\"200\" class=\"alignnone size-full wp-image-2109\" srcset=\"https:\/\/fainweb.uncoma.edu.ar\/wp-content\/uploads\/2021\/10\/icono03-2-66x66.png 66w, https:\/\/fainweb.uncoma.edu.ar\/wp-content\/uploads\/2021\/10\/icono03-2-150x150.png 150w, https:\/\/fainweb.uncoma.edu.ar\/wp-content\/uploads\/2021\/10\/icono03-2.png 200w\" sizes=\"(max-width: 200px) 100vw, 200px\" \/>\u00a0 \u00a0 <img decoding=\"async\" src=\"http:\/\/fainweb.uncoma.edu.ar\/wp-content\/uploads\/2021\/11\/icono05.png\" alt=\"\" width=\"200\" height=\"200\" class=\"alignnone size-full wp-image-2144\" srcset=\"https:\/\/fainweb.uncoma.edu.ar\/wp-content\/uploads\/2021\/11\/icono05-66x66.png 66w, https:\/\/fainweb.uncoma.edu.ar\/wp-content\/uploads\/2021\/11\/icono05-150x150.png 150w, https:\/\/fainweb.uncoma.edu.ar\/wp-content\/uploads\/2021\/11\/icono05.png 200w\" sizes=\"(max-width: 200px) 100vw, 200px\" \/><\/p>\n<p style=\"text-align: center;\"><span style=\"font-family: verdana, geneva, sans-serif; font-size: 14pt;\"><strong>PETR\u00d3LEO Y QU\u00cdMICA DEL COMAHUE<\/strong><\/span><\/p>\n<p><span style=\"font-family: verdana, geneva, sans-serif;\"><strong>Breve descripci\u00f3n de las actividades que desarrolla el grupo:<\/strong><\/span><\/p>\n<p><span style=\"font-family: verdana, geneva, sans-serif;\">Realizamos servicios especializados, asistencia t\u00e9cnica, formaci\u00f3n y capacitaci\u00f3n, investigaci\u00f3n, desarrollo y transferencia tecnol\u00f3gica pata la industria petrolera, qu\u00edmica y afines.<\/span><\/p>\n<p><span style=\"font-family: verdana, geneva, sans-serif;\">Contamos con equipamiento de alta tecnolog\u00eda.<\/span><\/p>\n<p><span style=\"font-family: verdana, geneva, sans-serif;\">Desde el a\u00f1o 2010 el grupo realiza tareas de investigaci\u00f3n y transferencia en proyectos interdisciplinarios relacionados a la recuperaci\u00f3n mejorada de Petr\u00f3leo (EOR) en yacimientos convencionales y no convencionales (shales), particularmente m\u00e9todos CEOR de inyecci\u00f3n de pol\u00edmeros (P), surfactantes (S), combinaci\u00f3n (SP) y fluidos multiprop\u00f3sito (FM). Cuenta con recursos humanos altamente capacitados y de reconocida trayectoria cient\u00edfica y t\u00e9cnica.<\/span><\/p>\n<p><span style=\"font-family: verdana, geneva, sans-serif;\">Tambi\u00e9n realizamos ensayos de control de calidad, monitoreo y reolog\u00eda de fluidos, y ensayos petrof\u00edsicos b\u00e1sicos y especiales de rocas reservorio.<\/span><\/p>\n<p><span style=\"font-family: verdana, geneva, sans-serif;\">Los ensayos y servicios especiales que ofrecemos son:<\/span><\/p>\n<p><span style=\"font-family: verdana, geneva, sans-serif;\"><strong>Pol\u00edmeros en EOR (P)<\/strong>: Caracterizaci\u00f3n, Control de Calidad, Degradaci\u00f3n mec\u00e1nica, t\u00e9rmica, qu\u00edmica.\u00a0Monitoreo de pol\u00edmeros en agua de producci\u00f3n. Reolog\u00eda.<\/span><\/p>\n<p><span style=\"font-family: verdana, geneva, sans-serif;\"><strong>Surfactantes (S)<\/strong>: Monitoreo de surfactantes ani\u00f3nicos y no i\u00f3nicos. Concentraci\u00f3n cr\u00edtica Micelar (CMC). Tensi\u00f3n Interfacial ultrabaja.<\/span><\/p>\n<p><span style=\"font-family: verdana, geneva, sans-serif;\"><strong>Estudio de Fluidos en EOR: <\/strong>S\u00edntesis de formulaciones para EOR: S, P, SP. Estudios fluido-fluido en EOR. Estudios roca-fluido en EOR adsorci\u00f3n de pol\u00edmeros y surfactantes sobre s\u00f3lidos. Estudio de Geles para procesos de Conformance y Water Shut off Preparaci\u00f3n de fluidos para ensayos de barrido. Estudios reol\u00f3gicos de fluidos de fractura.<\/span><\/p>\n<p><span style=\"font-family: verdana, geneva, sans-serif;\"><strong>Emulsiones Petr\u00f3leo\/agua (O\/W): <\/strong>Caracterizaci\u00f3n Fisicoqu\u00edmica y morfol\u00f3gica. Distribuci\u00f3n de tama\u00f1o de gota por DLS y por microscop\u00eda \u00f3ptica. Efectividad de ruptores qu\u00edmicos. Cuantificaci\u00f3n de hidrocarburos emulsionados.<\/span><\/p>\n<p><span style=\"font-family: verdana, geneva, sans-serif;\"><strong>Estudios en Medios Porosos: <\/strong>Preparaci\u00f3n y caracterizaci\u00f3n de fluidos, saturaci\u00f3n de muestras. Saturaci\u00f3n de fluidos (Dean Stark). Porosidad &#8211; m\u00e9todo de Boyle (pd). Porosidad &#8211; m\u00e9todo de Boyle (pd) @ NOBP, Densidad de grano a partir de la medici\u00f3n de porosidad. Densidad de grano. Permeabilidad al gas (pd). Permeabilidad al gas (pd) @NOBP. Compresibilidad del volumen poral. Permeabilidad al gas con la presi\u00f3n de confinamiento. Mojabilidad &#8211; M\u00e9todo de Amott. Restauraci\u00f3n de la mojabilidad original. Presi\u00f3n Capilar, M\u00e9todo de Inyecci\u00f3n de Mercurio, M\u00e9todo de los Estados Restaurados aire-agua. Permeabilidad Absoluta al l\u00edquido (agua -keros\u00e9n) @NOBP. Permeabilidades Efectivas con condiciones de SWI o SOR @NOBP. Permeabilidad Relativa agua-petr\u00f3leo @NOBP, gas-petr\u00f3leo @NOBP, agua-gas @NOBP. Saturaciones Extremas. Ensayos de Barrido: Barrido de petr\u00f3leo hasta agua irreductible, Velocidad Cr\u00edtica, Estudios de susceptibilidad. Estudios de da\u00f1o de formaci\u00f3n, Flujo \u00c1cido. Barrido con pol\u00edmeros y surfactantes. Preparaci\u00f3n de muestras de sand pack.<\/span><\/p>\n<p><span style=\"font-family: verdana, geneva, sans-serif;\"><strong>Estudios especiales: <\/strong>Caracterizaci\u00f3n y control de calidad de nanoesferas. Caracterizaci\u00f3n de nanopart\u00edculas: distribuci\u00f3n de tama\u00f1o y potencial Zeta. Determinaci\u00f3n de punto isoel\u00e9ctrico: an\u00e1lisis de estabilidad de sistemas coloidales. Comportamiento reol\u00f3gico de fluidos bajo presi\u00f3n, campo el\u00e9ctrico y campo magn\u00e9tico. Determinaci\u00f3n de grupos qu\u00edmicos para la identificaci\u00f3n de contaminantes o productos de inter\u00e9s en muestras de campo. Caracterizaci\u00f3n morfol\u00f3gica de s\u00f3lidos en aguas de reinyecci\u00f3n. DRX de rocas.<\/span><\/p>\n<p><span style=\"font-family: verdana, geneva, sans-serif;\"><strong>Estudios en implementaci\u00f3n: <\/strong>Determinaci\u00f3n de la temperatura de aparici\u00f3n de Wax por DSC. Determinaci\u00f3n de la saturaci\u00f3n de agua en muestras de rocas no convencionales por TGA. Caracterizaci\u00f3n t\u00e9rmica de shale oil por DSC, TGA y FTIR. An\u00e1lisis de la conductividad de fracturas luego de la inyecci\u00f3n de productos qu\u00edmicos.<\/span><\/p>\n<p><span style=\"font-family: verdana, geneva, sans-serif;\"><strong>Responsables T\u00e9cnicos: <\/strong>Dra. Laura Fern\u00e1ndez e Ing. Esteban Gonz\u00e1lez<\/span><\/p>\n<p><span style=\"font-family: verdana, geneva, sans-serif;\"><strong>Responsable Administrativa:<\/strong> Dra. Florencia Toschi<\/span><\/p>\n<p><span style=\"font-family: verdana, geneva, sans-serif;\"><strong>Integrantes:<\/strong><\/span><\/p>\n<p><span style=\"font-family: verdana, geneva, sans-serif;\">Esteban Gonz\u00e1lez, Laura Fern\u00e1ndez, Sergio Abrigo, Jessica Jara, Florencia Toschi, Roc\u00edo Hamdan, Ricardo Prado, Paola Esteves, Malvina Frigerio<\/span><\/p>\n<p><span style=\"font-family: verdana, geneva, sans-serif;\"><strong>Proyectos de investigaci\u00f3n y\/o extensi\u00f3n vinculados al grupo:\u00a0<\/strong><\/span><\/p>\n<p><span style=\"font-family: verdana, geneva, sans-serif;\">PROYECTO Metodolog\u00edas para optimizar la producci\u00f3n de yacimientos de petr\u00f3leo y gas. 01\/2017 &#8211; 12\/2020<\/span><\/p>\n<p><span style=\"font-family: verdana, geneva, sans-serif;\">PROYECTO DE INVESTIGACI\u00d3N E INNOVACI\u00d3N EN EL \u00c1REA TECNOL\u00d3GICA DENOMINADA RECUPERACI\u00d3N MEJORADA DE PETROLEO (Enhanced Oil Recovery, EOR), Convenio 10\/09 Ministerio de Ciencia y Tecnolog\u00eda e Innovaci\u00f3n Productiva- IAPG- 2010\/2015 Resoluci\u00f3n CDFI N\u00ba 268\/11<\/span><\/p>\n<p><span style=\"font-family: verdana, geneva, sans-serif;\">PROYECTO ESTRATEGIAS PARA CONTROLAR Y MEJORAR LA RECUPERACI\u00d3N DE PETR\u00d3LEO CON LA INYECCI\u00d3N DE PRODUCTOS QU\u00cdMICOS. 2021\/2024<\/span><\/p>\n<p><span style=\"font-family: verdana, geneva, sans-serif;\">PROYECTO METODOLOG\u00cdAS PARA MEJORAR LA PRODUCCI\u00d3N EN YACIMIENTOS DE SHALE OIL DE LA FM VACA MUERTA, CUENCA NEUQUINA. PICTO-2021\/2022\/2023-FUNDACION YPF- FONCYT<\/span><\/p>\n<p><span style=\"font-family: verdana, geneva, sans-serif;\"><strong>Contacto: <\/strong><a href=\"mailto:esteban.gonzalez@fain.uncoma.edu.ar\">esteban.gonzalez@fain.uncoma.edu.ar<\/a> \/ <a href=\"mailto:fernanlg@yahoo.com\">fernanlg@yahoo.com<\/a><\/span><\/p>\n","protected":false},"excerpt":{"rendered":"<p>\u00a0 \u00a0 \u00a0 \u00a0 \u00a0 \u00a0 PETR\u00d3LEO Y QU\u00cdMICA DEL  [&#8230;]<\/p>\n","protected":false},"author":12,"featured_media":0,"parent":0,"menu_order":0,"comment_status":"closed","ping_status":"closed","template":"","meta":{"_acf_changed":false,"footnotes":""},"class_list":["post-3883","page","type-page","status-publish","hentry"],"acf":[],"_links":{"self":[{"href":"https:\/\/fainweb.uncoma.edu.ar\/index.php\/wp-json\/wp\/v2\/pages\/3883","targetHints":{"allow":["GET"]}}],"collection":[{"href":"https:\/\/fainweb.uncoma.edu.ar\/index.php\/wp-json\/wp\/v2\/pages"}],"about":[{"href":"https:\/\/fainweb.uncoma.edu.ar\/index.php\/wp-json\/wp\/v2\/types\/page"}],"author":[{"embeddable":true,"href":"https:\/\/fainweb.uncoma.edu.ar\/index.php\/wp-json\/wp\/v2\/users\/12"}],"replies":[{"embeddable":true,"href":"https:\/\/fainweb.uncoma.edu.ar\/index.php\/wp-json\/wp\/v2\/comments?post=3883"}],"version-history":[{"count":1,"href":"https:\/\/fainweb.uncoma.edu.ar\/index.php\/wp-json\/wp\/v2\/pages\/3883\/revisions"}],"predecessor-version":[{"id":3884,"href":"https:\/\/fainweb.uncoma.edu.ar\/index.php\/wp-json\/wp\/v2\/pages\/3883\/revisions\/3884"}],"wp:attachment":[{"href":"https:\/\/fainweb.uncoma.edu.ar\/index.php\/wp-json\/wp\/v2\/media?parent=3883"}],"curies":[{"name":"wp","href":"https:\/\/api.w.org\/{rel}","templated":true}]}}