{"id":3504,"date":"2023-06-08T11:39:22","date_gmt":"2023-06-08T14:39:22","guid":{"rendered":"https:\/\/fainweb.uncoma.edu.ar\/?page_id=3504"},"modified":"2023-06-08T11:39:22","modified_gmt":"2023-06-08T14:39:22","slug":"laboratorio-de-metalografia-y-soldadura","status":"publish","type":"page","link":"https:\/\/fainweb.uncoma.edu.ar\/index.php\/laboratorio-de-metalografia-y-soldadura\/","title":{"rendered":"LABORATORIO DE METALOGRAF\u00cdA Y SOLDADURA"},"content":{"rendered":"<p><img decoding=\"async\" src=\"http:\/\/fainweb.uncoma.edu.ar\/wp-content\/uploads\/2021\/10\/icono01-3.png\" alt=\"\" width=\"200\" height=\"200\" class=\"alignnone size-full wp-image-2117\" srcset=\"https:\/\/fainweb.uncoma.edu.ar\/wp-content\/uploads\/2021\/10\/icono01-3-66x66.png 66w, https:\/\/fainweb.uncoma.edu.ar\/wp-content\/uploads\/2021\/10\/icono01-3-150x150.png 150w, https:\/\/fainweb.uncoma.edu.ar\/wp-content\/uploads\/2021\/10\/icono01-3.png 200w\" sizes=\"(max-width: 200px) 100vw, 200px\" \/> <img decoding=\"async\" src=\"http:\/\/fainweb.uncoma.edu.ar\/wp-content\/uploads\/2021\/10\/icono02.png\" alt=\"\" width=\"200\" height=\"200\" class=\"alignnone size-full wp-image-2132\" srcset=\"https:\/\/fainweb.uncoma.edu.ar\/wp-content\/uploads\/2021\/10\/icono02-66x66.png 66w, https:\/\/fainweb.uncoma.edu.ar\/wp-content\/uploads\/2021\/10\/icono02-150x150.png 150w, https:\/\/fainweb.uncoma.edu.ar\/wp-content\/uploads\/2021\/10\/icono02.png 200w\" sizes=\"(max-width: 200px) 100vw, 200px\" \/> <img decoding=\"async\" src=\"http:\/\/fainweb.uncoma.edu.ar\/wp-content\/uploads\/2021\/10\/icono03-2.png\" alt=\"\" width=\"200\" height=\"200\" class=\"alignnone size-full wp-image-2109\" srcset=\"https:\/\/fainweb.uncoma.edu.ar\/wp-content\/uploads\/2021\/10\/icono03-2-66x66.png 66w, https:\/\/fainweb.uncoma.edu.ar\/wp-content\/uploads\/2021\/10\/icono03-2-150x150.png 150w, https:\/\/fainweb.uncoma.edu.ar\/wp-content\/uploads\/2021\/10\/icono03-2.png 200w\" sizes=\"(max-width: 200px) 100vw, 200px\" \/><\/p>\n<p style=\"text-align: center;\"><span style=\"font-family: verdana, geneva, sans-serif; font-size: 14pt;\"><strong>LABORATORIO DE METALOGRAF\u00cdA Y SOLDADURA<\/strong><\/span><\/p>\n<p><span style=\"font-family: verdana, geneva, sans-serif;\"><strong>Breve descripci\u00f3n de las actividades que desarrolla el grupo:<\/strong><\/span><\/p>\n<p><span style=\"font-family: verdana, geneva, sans-serif;\">El Grupo dispone de dos laboratorios: Laboratorio de metalograf\u00eda que permite preparar muestras para caracterizar la microestructura presente en materiales met\u00e1licos, determinar tama\u00f1o de grano, fases presentes, recubrimientos, contenido de inclusiones no met\u00e1licas, caracterizaci\u00f3n de cupones de corrosi\u00f3n, realizaci\u00f3n de metalograf\u00edas no destructivas in situ y realizar Barridos de Microdureza Vickers y un Laboratorio de Soldadura para Investigaci\u00f3n y el dictado de Cursos de Formaci\u00f3n de Inspectores de Soldadura.<\/span><\/p>\n<p><span style=\"font-family: verdana, geneva, sans-serif;\"><em>Servicios Anal\u00edticos Especializados:<\/em><\/span><\/p>\n<ol>\n<li><span style=\"font-family: verdana, geneva, sans-serif;\">Metalograf\u00eda \u00f3ptica.<\/span><\/li>\n<li><span style=\"font-family: verdana, geneva, sans-serif;\">Medici\u00f3n de Tama\u00f1o de grano.<\/span><\/li>\n<li><span style=\"font-family: verdana, geneva, sans-serif;\">Medici\u00f3n de espesores de recubrimiento.<\/span><\/li>\n<li><span style=\"font-family: verdana, geneva, sans-serif;\">Microdureza Vickers de 1 a 1000 gr.<\/span><\/li>\n<\/ol>\n<p><span style=\"font-family: verdana, geneva, sans-serif;\"><em>Servicios de Asistencia T\u00e9cnica:<\/em><\/span><\/p>\n<ul>\n<li><span style=\"font-family: verdana, geneva, sans-serif;\">Selecci\u00f3n de materiales.<\/span><\/li>\n<li><span style=\"font-family: verdana, geneva, sans-serif;\">Soldabilidad de aleaciones met\u00e1licas.<\/span><\/li>\n<\/ul>\n<p><span style=\"font-family: verdana, geneva, sans-serif;\"><em>Servicios de Formaci\u00f3n y Capacitaci\u00f3n:<\/em><\/span><\/p>\n<ul>\n<li><span style=\"font-family: verdana, geneva, sans-serif;\">Clasificaci\u00f3n y tratamientos t\u00e9rmicos de aceros.<\/span><\/li>\n<li><span style=\"font-family: verdana, geneva, sans-serif;\">Metalograf\u00eda no destructiva.<\/span><\/li>\n<li><span style=\"font-family: verdana, geneva, sans-serif;\">Formaci\u00f3n de inspectores de soldadura.<\/span><\/li>\n<\/ul>\n<p><span style=\"font-family: verdana, geneva, sans-serif;\">Responsable T\u00e9cnica y Administrativa: Mariana Poliserpi<\/span><\/p>\n","protected":false},"excerpt":{"rendered":"<p>LABORATORIO DE METALOGRAF\u00cdA Y SOLDADURA Breve descripci\u00f3n de las actividades  [&#8230;]<\/p>\n","protected":false},"author":12,"featured_media":0,"parent":0,"menu_order":0,"comment_status":"closed","ping_status":"closed","template":"","meta":{"_acf_changed":false,"footnotes":""},"class_list":["post-3504","page","type-page","status-publish","hentry"],"acf":[],"_links":{"self":[{"href":"https:\/\/fainweb.uncoma.edu.ar\/index.php\/wp-json\/wp\/v2\/pages\/3504","targetHints":{"allow":["GET"]}}],"collection":[{"href":"https:\/\/fainweb.uncoma.edu.ar\/index.php\/wp-json\/wp\/v2\/pages"}],"about":[{"href":"https:\/\/fainweb.uncoma.edu.ar\/index.php\/wp-json\/wp\/v2\/types\/page"}],"author":[{"embeddable":true,"href":"https:\/\/fainweb.uncoma.edu.ar\/index.php\/wp-json\/wp\/v2\/users\/12"}],"replies":[{"embeddable":true,"href":"https:\/\/fainweb.uncoma.edu.ar\/index.php\/wp-json\/wp\/v2\/comments?post=3504"}],"version-history":[{"count":2,"href":"https:\/\/fainweb.uncoma.edu.ar\/index.php\/wp-json\/wp\/v2\/pages\/3504\/revisions"}],"predecessor-version":[{"id":3507,"href":"https:\/\/fainweb.uncoma.edu.ar\/index.php\/wp-json\/wp\/v2\/pages\/3504\/revisions\/3507"}],"wp:attachment":[{"href":"https:\/\/fainweb.uncoma.edu.ar\/index.php\/wp-json\/wp\/v2\/media?parent=3504"}],"curies":[{"name":"wp","href":"https:\/\/api.w.org\/{rel}","templated":true}]}}