{"id":3431,"date":"2023-06-06T13:34:44","date_gmt":"2023-06-06T16:34:44","guid":{"rendered":"https:\/\/fainweb.uncoma.edu.ar\/?page_id=3431"},"modified":"2023-06-07T13:00:16","modified_gmt":"2023-06-07T16:00:16","slug":"grupo-de-medios-porosos","status":"publish","type":"page","link":"https:\/\/fainweb.uncoma.edu.ar\/index.php\/grupo-de-medios-porosos\/","title":{"rendered":"GRUPO DE MEDIOS POROSOS"},"content":{"rendered":"<p><img decoding=\"async\" src=\"http:\/\/fainweb.uncoma.edu.ar\/wp-content\/uploads\/2021\/10\/icono02.png\" alt=\"\" width=\"200\" height=\"200\" class=\"alignnone size-full wp-image-2132\" srcset=\"https:\/\/fainweb.uncoma.edu.ar\/wp-content\/uploads\/2021\/10\/icono02-66x66.png 66w, https:\/\/fainweb.uncoma.edu.ar\/wp-content\/uploads\/2021\/10\/icono02-150x150.png 150w, https:\/\/fainweb.uncoma.edu.ar\/wp-content\/uploads\/2021\/10\/icono02.png 200w\" sizes=\"(max-width: 200px) 100vw, 200px\" \/> <img decoding=\"async\" src=\"http:\/\/fainweb.uncoma.edu.ar\/wp-content\/uploads\/2021\/10\/icono01-3.png\" alt=\"\" width=\"200\" height=\"200\" class=\"alignnone size-full wp-image-2117\" srcset=\"https:\/\/fainweb.uncoma.edu.ar\/wp-content\/uploads\/2021\/10\/icono01-3-66x66.png 66w, https:\/\/fainweb.uncoma.edu.ar\/wp-content\/uploads\/2021\/10\/icono01-3-150x150.png 150w, https:\/\/fainweb.uncoma.edu.ar\/wp-content\/uploads\/2021\/10\/icono01-3.png 200w\" sizes=\"(max-width: 200px) 100vw, 200px\" \/> <img decoding=\"async\" src=\"http:\/\/fainweb.uncoma.edu.ar\/wp-content\/uploads\/2021\/10\/icono03-2.png\" alt=\"\" width=\"200\" height=\"200\" class=\"alignnone size-full wp-image-2109\" srcset=\"https:\/\/fainweb.uncoma.edu.ar\/wp-content\/uploads\/2021\/10\/icono03-2-66x66.png 66w, https:\/\/fainweb.uncoma.edu.ar\/wp-content\/uploads\/2021\/10\/icono03-2-150x150.png 150w, https:\/\/fainweb.uncoma.edu.ar\/wp-content\/uploads\/2021\/10\/icono03-2.png 200w\" sizes=\"(max-width: 200px) 100vw, 200px\" \/> <img decoding=\"async\" src=\"http:\/\/fainweb.uncoma.edu.ar\/wp-content\/uploads\/2021\/11\/icono05.png\" alt=\"\" width=\"200\" height=\"200\" class=\"alignnone size-full wp-image-2144\" srcset=\"https:\/\/fainweb.uncoma.edu.ar\/wp-content\/uploads\/2021\/11\/icono05-66x66.png 66w, https:\/\/fainweb.uncoma.edu.ar\/wp-content\/uploads\/2021\/11\/icono05-150x150.png 150w, https:\/\/fainweb.uncoma.edu.ar\/wp-content\/uploads\/2021\/11\/icono05.png 200w\" sizes=\"(max-width: 200px) 100vw, 200px\" \/><\/p>\n<p style=\"text-align: center;\"><strong><span style=\"font-family: verdana, geneva, sans-serif; font-size: 14pt;\">GRUPO DE MEDIOS POROSOS<\/span><\/strong><\/p>\n<p><span style=\"font-family: verdana, geneva, sans-serif;\"><strong>Breve descripci\u00f3n de las actividades que desarrolla el grupo:<\/strong><\/span><\/p>\n<p><span style=\"font-family: verdana, geneva, sans-serif;\">Realiza estudios de diagn\u00f3stico para evaluar tecnolog\u00edas de producci\u00f3n de petr\u00f3leo y actividades asociadas, mediante el uso de trazadores. Las tecnolog\u00edas incluyen recuperaci\u00f3n secundaria, recuperaci\u00f3n mejorada (EOR) y fractura hidr\u00e1ulica m\u00faltiple de reservorios No Convencionales.<\/span><\/p>\n<p><span style=\"font-family: verdana, geneva, sans-serif;\">Algunas de las principales actividades asociadas son: control del destino de fluidos residuales en sumideros, evaluaci\u00f3n en pozo del filtrado de lodos de perforaci\u00f3n, determinaci\u00f3n de tiempos de residencia en equipos de instalaciones de superficie.<\/span><\/p>\n<p><span style=\"font-family: verdana, geneva, sans-serif;\"><em>Servicios Anal\u00edticos Especializados:<\/em><\/span><\/p>\n<p><span style=\"font-family: verdana, geneva, sans-serif;\">Cromatograf\u00eda, Interpretaci\u00f3n de Ensayos.<\/span><\/p>\n<p><span style=\"font-family: verdana, geneva, sans-serif;\"><em>Servicios de Asistencia T\u00e9cnica:<\/em><\/span><\/p>\n<p><span style=\"font-family: verdana, geneva, sans-serif;\">Asistimos t\u00e9cnicamente a compa\u00f1\u00edas de servicios en tem\u00e1ticas que requieren el uso de trazadores.<\/span><\/p>\n<p><span style=\"font-family: verdana, geneva, sans-serif;\"><em>Servicios de Formaci\u00f3n y Capacitaci\u00f3n:<\/em><\/span><\/p>\n<p><span style=\"font-family: verdana, geneva, sans-serif;\">El grupo ofrece cursos sobre tem\u00e1ticas de trazadores.<\/span><\/p>\n<p><span style=\"font-family: verdana, geneva, sans-serif;\"><strong>Proyectos de investigaci\u00f3n y\/o extensi\u00f3n vinculados al grupo:<\/strong><\/span><\/p>\n<p><span style=\"font-family: verdana, geneva, sans-serif;\">Estrategias para controlar y mejorar la recuperaci\u00f3n de petr\u00f3leo con la inyecci\u00f3n de productos qu\u00edmicos.<\/span><\/p>\n<p><span style=\"font-family: verdana, geneva, sans-serif;\"><strong>Responsable T\u00e9cnico y Administrativo:<\/strong> Ing. Carlos Somaruga<\/span><\/p>\n<p><span style=\"font-family: verdana, geneva, sans-serif;\"><strong>Contacto:\u00a0<\/strong><a href=\"mailto:carlos.somaruga@fain.uncoma.edu.ar\">carlos.somaruga@fain.uncoma.edu.ar<\/a><\/span><\/p>\n","protected":false},"excerpt":{"rendered":"<p>GRUPO DE MEDIOS POROSOS Breve descripci\u00f3n de las actividades que  [&#8230;]<\/p>\n","protected":false},"author":12,"featured_media":0,"parent":0,"menu_order":0,"comment_status":"closed","ping_status":"closed","template":"","meta":{"_acf_changed":false,"footnotes":""},"class_list":["post-3431","page","type-page","status-publish","hentry"],"acf":[],"_links":{"self":[{"href":"https:\/\/fainweb.uncoma.edu.ar\/index.php\/wp-json\/wp\/v2\/pages\/3431","targetHints":{"allow":["GET"]}}],"collection":[{"href":"https:\/\/fainweb.uncoma.edu.ar\/index.php\/wp-json\/wp\/v2\/pages"}],"about":[{"href":"https:\/\/fainweb.uncoma.edu.ar\/index.php\/wp-json\/wp\/v2\/types\/page"}],"author":[{"embeddable":true,"href":"https:\/\/fainweb.uncoma.edu.ar\/index.php\/wp-json\/wp\/v2\/users\/12"}],"replies":[{"embeddable":true,"href":"https:\/\/fainweb.uncoma.edu.ar\/index.php\/wp-json\/wp\/v2\/comments?post=3431"}],"version-history":[{"count":4,"href":"https:\/\/fainweb.uncoma.edu.ar\/index.php\/wp-json\/wp\/v2\/pages\/3431\/revisions"}],"predecessor-version":[{"id":3451,"href":"https:\/\/fainweb.uncoma.edu.ar\/index.php\/wp-json\/wp\/v2\/pages\/3431\/revisions\/3451"}],"wp:attachment":[{"href":"https:\/\/fainweb.uncoma.edu.ar\/index.php\/wp-json\/wp\/v2\/media?parent=3431"}],"curies":[{"name":"wp","href":"https:\/\/api.w.org\/{rel}","templated":true}]}}