{"id":3428,"date":"2023-06-06T13:23:32","date_gmt":"2023-06-06T16:23:32","guid":{"rendered":"https:\/\/fainweb.uncoma.edu.ar\/?page_id=3428"},"modified":"2023-06-07T12:56:54","modified_gmt":"2023-06-07T15:56:54","slug":"grupo-mediciones","status":"publish","type":"page","link":"https:\/\/fainweb.uncoma.edu.ar\/index.php\/grupo-mediciones\/","title":{"rendered":"GRUPO MEDICIONES"},"content":{"rendered":"<p style=\"text-align: center;\"><span style=\"font-size: 14pt; font-family: verdana, geneva, sans-serif;\"><strong>GRUPO MEDICIONES<\/strong><\/span><\/p>\n<p><span style=\"font-family: verdana, geneva, sans-serif;\"><strong>Breve descripci\u00f3n de las actividades que desarrolla el grupo:<\/strong><\/span><\/p>\n<p><span style=\"font-family: verdana, geneva, sans-serif;\">Desde el 2021 en adelante el grupo ha retomado las actividades asociadas a la realizaci\u00f3n de contraste de instrumental de medida de par\u00e1metros el\u00e9ctricos b\u00e1sicos: amper\u00edmetros, volt\u00edmetros y telur\u00edmetros (instrumentos utilizados para la medici\u00f3n de resistencia de puesta a tierra).<\/span><\/p>\n<p><span style=\"font-family: verdana, geneva, sans-serif;\"><strong>Proyectos de investigaci\u00f3n y\/o extensi\u00f3n vinculados al grupo:<\/strong><\/span><\/p>\n<p><span style=\"font-family: verdana, geneva, sans-serif;\">Proyecto de investigaci\u00f3n PIN 1 (2023-2026) \u201c<em>Dise\u00f1o de sensores y sistemas \u00f3pticos para metrolog\u00eda y ensayo de materiales<\/em>\u201d, dirigido por el Dr. Fernando P\u00e9rez Quinti\u00e1n.<\/span><\/p>\n<p><span style=\"font-family: verdana, geneva, sans-serif;\">Actividades de investigaci\u00f3n en el \u00e1mbito del Grupo de Fotovoltaica Aplicada, dirigido por el Dr. Kurt Taretto.<\/span><\/p>\n<p><span style=\"font-family: verdana, geneva, sans-serif;\">Presentaci\u00f3n de PICT 2022 (en etapa de evaluaci\u00f3n) \u201c<em>Desarrollo de\u202fun circuito integrado fotodetector definido por software para detecci\u00f3n de ultrasonido en entornos industriales<\/em>\u201d, en el \u00e1mbito del Grupo de Ingenier\u00eda \u00d3ptica.<\/span><\/p>\n<p><span style=\"font-family: verdana, geneva, sans-serif;\"><strong>Responsable T\u00e9cnico y Administrativo:<\/strong> Dr. Ing. Mat\u00edas Andr\u00e9s C\u00f3rdoba<\/span><\/p>\n<p><span style=\"font-family: verdana, geneva, sans-serif;\"><strong>Integrantes:<\/strong> Ing. Ezequiel Arroyo &#8211;\u00a0Ing. Fernando Di\u00f3cares<\/span><\/p>\n<p><span style=\"font-family: verdana, geneva, sans-serif;\"><strong>Contacto: <\/strong><a href=\"mailto:matiasandrescordoba@gmail.com\">matiasandrescordoba@gmail.com<\/a> \u2013 matias.cordoba@fain.uncoma.edu.ar<\/span><br \/>\n<span style=\"font-family: verdana, geneva, sans-serif;\">299 4490 332\/336 (Departamento de Electrotecnia)<\/span><\/p>\n","protected":false},"excerpt":{"rendered":"<p>GRUPO MEDICIONES Breve descripci\u00f3n de las actividades que desarrolla el  [&#8230;]<\/p>\n","protected":false},"author":12,"featured_media":2132,"parent":0,"menu_order":0,"comment_status":"closed","ping_status":"closed","template":"","meta":{"_acf_changed":false,"footnotes":""},"class_list":["post-3428","page","type-page","status-publish","has-post-thumbnail","hentry"],"acf":[],"_links":{"self":[{"href":"https:\/\/fainweb.uncoma.edu.ar\/index.php\/wp-json\/wp\/v2\/pages\/3428","targetHints":{"allow":["GET"]}}],"collection":[{"href":"https:\/\/fainweb.uncoma.edu.ar\/index.php\/wp-json\/wp\/v2\/pages"}],"about":[{"href":"https:\/\/fainweb.uncoma.edu.ar\/index.php\/wp-json\/wp\/v2\/types\/page"}],"author":[{"embeddable":true,"href":"https:\/\/fainweb.uncoma.edu.ar\/index.php\/wp-json\/wp\/v2\/users\/12"}],"replies":[{"embeddable":true,"href":"https:\/\/fainweb.uncoma.edu.ar\/index.php\/wp-json\/wp\/v2\/comments?post=3428"}],"version-history":[{"count":3,"href":"https:\/\/fainweb.uncoma.edu.ar\/index.php\/wp-json\/wp\/v2\/pages\/3428\/revisions"}],"predecessor-version":[{"id":3448,"href":"https:\/\/fainweb.uncoma.edu.ar\/index.php\/wp-json\/wp\/v2\/pages\/3428\/revisions\/3448"}],"wp:featuredmedia":[{"embeddable":true,"href":"https:\/\/fainweb.uncoma.edu.ar\/index.php\/wp-json\/wp\/v2\/media\/2132"}],"wp:attachment":[{"href":"https:\/\/fainweb.uncoma.edu.ar\/index.php\/wp-json\/wp\/v2\/media?parent=3428"}],"curies":[{"name":"wp","href":"https:\/\/api.w.org\/{rel}","templated":true}]}}