{"id":101,"date":"2020-08-28T13:38:47","date_gmt":"2020-08-28T16:38:47","guid":{"rendered":"http:\/\/170.210.81.163\/fain\/?page_id=101"},"modified":"2025-09-30T09:31:20","modified_gmt":"2025-09-30T12:31:20","slug":"estudiantes","status":"publish","type":"page","link":"https:\/\/fainweb.uncoma.edu.ar\/index.php\/estudiantes\/","title":{"rendered":"Estudiantes"},"content":{"rendered":"<p><div class=\"fusion-fullwidth fullwidth-box fusion-builder-row-1 fusion-flex-container nonhundred-percent-fullwidth non-hundred-percent-height-scrolling\" style=\"--awb-border-radius-top-left:0px;--awb-border-radius-top-right:0px;--awb-border-radius-bottom-right:0px;--awb-border-radius-bottom-left:0px;--awb-padding-top:5%;--awb-padding-bottom:4%;--awb-padding-left:29px;--awb-margin-top:0px;--awb-background-color:#003260;--awb-flex-wrap:wrap;\" ><div class=\"fusion-builder-row fusion-row fusion-flex-align-items-flex-start fusion-flex-justify-content-space-around fusion-flex-content-wrap\" style=\"max-width:1248px;margin-left: calc(-4% \/ 2 );margin-right: calc(-4% \/ 2 );\"><div class=\"fusion-layout-column fusion_builder_column fusion-builder-column-0 fusion_builder_column_1_1 1_1 fusion-flex-column\" style=\"--awb-bg-size:cover;--awb-width-large:100%;--awb-margin-top-large:0px;--awb-spacing-right-large:0px;--awb-margin-bottom-large:20px;--awb-spacing-left-large:0px;--awb-width-medium:100%;--awb-order-medium:0;--awb-spacing-right-medium:0px;--awb-spacing-left-medium:0px;--awb-width-small:100%;--awb-order-small:0;--awb-spacing-right-small:1.92%;--awb-spacing-left-small:1.92%;\"><div class=\"fusion-column-wrapper fusion-column-has-shadow fusion-flex-justify-content-flex-start fusion-content-layout-column\"><div class=\"fusion-text fusion-text-1 text-white\" style=\"--awb-content-alignment:center;\"><h2 class=\"text-white\">Bienvenidos<\/h2>\n<div class=\"about\">\n<p>Aqu\u00ed podr\u00e1s encontrar toda la informaci\u00f3n que necesitas como estudiantes de las carreras que brinda la Facultad de Ingenier\u00eda de la Universidad Nacional del Comahue.<\/p>\n<\/div>\n<\/div><div style=\"text-align:center;\"><a class=\"fusion-button button-flat button-large button-custom fusion-button-default button-1 fusion-button-default-span fusion-button-default-type fusion-no-medium-visibility\" style=\"--button_accent_color:#000000;--button_accent_hover_color:#ffffff;--button_border_hover_color:#ffffff;--button_gradient_top_color:#ffffff;--button_gradient_bottom_color:#ffffff;--button_gradient_top_color_hover:#ffffff;--button_gradient_bottom_color_hover:#ffffff;--button_typography-font-family:Georgia, serif;--button_typography-font-style:normal;--button_typography-font-weight:400;\" target=\"_self\" href=\"https:\/\/fainweb.uncoma.edu.ar\/index.php\/academica\/ingreso-y-permanencia\/\"><span class=\"fusion-button-text awb-button__text awb-button__text--default\">Ingreso 2026<\/span><\/a><\/div><div style=\"text-align:center;\"><a class=\"fusion-button button-flat button-large button-custom fusion-button-default button-2 fusion-button-default-span fusion-button-default-type\" style=\"--button_accent_color:#000000;--button_accent_hover_color:#ffffff;--button_border_hover_color:#ffffff;--button_gradient_top_color:#ffffff;--button_gradient_bottom_color:#ffffff;--button_gradient_top_color_hover:#ffffff;--button_gradient_bottom_color_hover:#ffffff;--button_typography-font-family:Georgia, serif;--button_typography-font-style:normal;--button_typography-font-weight:400;\" target=\"_self\" href=\"http:\/\/fainweb.uncoma.edu.ar\/index.php\/academica\/horarios-de-cursados\/\"><i class=\"fa-calendar fas awb-button__icon awb-button__icon--default button-icon-left\" aria-hidden=\"true\"><\/i><span class=\"fusion-button-text awb-button__text awb-button__text--default\">Horarios de Cursada<\/span><\/a><\/div><div style=\"text-align:center;\"><a class=\"fusion-button button-flat button-medium button-custom fusion-button-default button-3 fusion-button-default-span fusion-button-default-type\" style=\"--button_accent_color:#000000;--button_accent_hover_color:#ffffff;--button_border_hover_color:#ffffff;--button_gradient_top_color:#ffffff;--button_gradient_bottom_color:#ffffff;--button_gradient_top_color_hover:#ffffff;--button_gradient_bottom_color_hover:#ffffff;--button_typography-font-family:Georgia, serif;--button_typography-font-style:normal;--button_typography-font-weight:400;--button_margin-top:5px;\" target=\"_self\" href=\"https:\/\/linktr.ee\/FacultadIngenieriaUNCo\"><i class=\"fa-thumbs-up fas awb-button__icon awb-button__icon--default button-icon-left\" aria-hidden=\"true\"><\/i><span class=\"fusion-button-text awb-button__text awb-button__text--default\">Redes Sociales Oficiales<\/span><\/a><\/div><div style=\"text-align:center;\"><a class=\"fusion-button button-flat fusion-button-default-size button-custom fusion-button-default button-4 fusion-button-default-span fusion-button-default-type\" style=\"--button_accent_color:#000000;--button_accent_hover_color:#ffffff;--button_border_hover_color:#ffffff;--button_gradient_top_color:#ffffff;--button_gradient_bottom_color:#ffffff;--button_gradient_top_color_hover:#ffffff;--button_gradient_bottom_color_hover:#ffffff;--button_typography-font-family:Georgia, serif;--button_typography-font-style:normal;--button_typography-font-weight:400;--button_margin-top:5px;\" target=\"_self\" href=\"http:\/\/siufain.uncoma.edu.ar\/\"><i class=\"fa-graduation-cap fas awb-button__icon awb-button__icon--default button-icon-left\" aria-hidden=\"true\"><\/i><span class=\"fusion-button-text awb-button__text awb-button__text--default\"> SIU Guaran\u00ed FAIN<\/span><\/a><\/div><div style=\"text-align:center;\"><a class=\"fusion-button button-flat fusion-button-default-size button-custom fusion-button-default button-5 fusion-button-default-span fusion-button-default-type\" style=\"--button_accent_color:#000000;--button_accent_hover_color:#ffffff;--button_border_hover_color:#ffffff;--button_gradient_top_color:#ffffff;--button_gradient_bottom_color:#ffffff;--button_gradient_top_color_hover:#ffffff;--button_gradient_bottom_color_hover:#ffffff;--button_typography-font-family:Georgia, serif;--button_typography-font-style:normal;--button_typography-font-weight:400;--button_margin-top:5px;\" target=\"_self\" href=\"https:\/\/pedco.uncoma.edu.ar\/\"><i class=\"fa-graduation-cap fas awb-button__icon awb-button__icon--default button-icon-left\" aria-hidden=\"true\"><\/i><span class=\"fusion-button-text awb-button__text awb-button__text--default\">PEDCO<\/span><\/a><\/div><div style=\"text-align:center;\"><a class=\"fusion-button button-flat button-medium button-custom fusion-button-default button-6 fusion-button-default-span fusion-button-default-type\" style=\"--button_accent_color:#000000;--button_accent_hover_color:#ffffff;--button_border_hover_color:#ffffff;--button_gradient_top_color:#ffffff;--button_gradient_bottom_color:#ffffff;--button_gradient_top_color_hover:#ffffff;--button_gradient_bottom_color_hover:#ffffff;--button_typography-font-family:Georgia, serif;--button_typography-font-style:normal;--button_typography-font-weight:400;--button_margin-top:5px;\" target=\"_self\" href=\"https:\/\/fainweb.uncoma.edu.ar\/index.php\/novedades\/solicitud-de-titulo\/\"><i class=\"fa-graduation-cap fas awb-button__icon awb-button__icon--default button-icon-left\" aria-hidden=\"true\"><\/i><span class=\"fusion-button-text awb-button__text awb-button__text--default\">Solicitud de t\u00edtulo<\/span><\/a><\/div><\/div><\/div><\/div><\/div><div class=\"fusion-fullwidth fullwidth-box fusion-builder-row-2 fusion-flex-container nonhundred-percent-fullwidth non-hundred-percent-height-scrolling oferta-academica\" style=\"--awb-border-radius-top-left:0px;--awb-border-radius-top-right:0px;--awb-border-radius-bottom-right:0px;--awb-border-radius-bottom-left:0px;--awb-margin-bottom:0px;--awb-background-color:#00528a;--awb-flex-wrap:wrap;\" ><div class=\"fusion-builder-row fusion-row fusion-flex-align-items-flex-start fusion-flex-content-wrap\" style=\"max-width:1248px;margin-left: calc(-4% \/ 2 );margin-right: calc(-4% \/ 2 );\"><div class=\"fusion-layout-column fusion_builder_column fusion-builder-column-1 fusion_builder_column_1_1 1_1 fusion-flex-column fusion-flex-align-self-flex-start\" style=\"--awb-padding-top:30px;--awb-padding-bottom:30px;--awb-bg-size:cover;--awb-width-large:100%;--awb-margin-top-large:0px;--awb-spacing-right-large:1.92%;--awb-margin-bottom-large:20px;--awb-spacing-left-large:2.112%;--awb-width-medium:100%;--awb-order-medium:0;--awb-spacing-right-medium:1.92%;--awb-spacing-left-medium:2.112%;--awb-width-small:100%;--awb-order-small:0;--awb-spacing-right-small:1.92%;--awb-spacing-left-small:1.92%;\"><div class=\"fusion-column-wrapper fusion-column-has-shadow fusion-flex-justify-content-center fusion-content-layout-column\"><div class=\"fusion-title title fusion-title-1 fusion-title-center fusion-title-text fusion-title-size-one\" style=\"--awb-text-color:#ffffff;\"><div class=\"title-sep-container title-sep-container-left\"><div class=\"title-sep sep-double sep-solid\" style=\"border-color:#e2e2e2;\"><\/div><\/div><span class=\"awb-title-spacer\"><\/span><h1 class=\"fusion-title-heading title-heading-center\" style=\"font-family:&quot;Zilla Slab&quot;;margin:0;\">Carreras<\/h1><span class=\"awb-title-spacer\"><\/span><div class=\"title-sep-container title-sep-container-right\"><div class=\"title-sep sep-double sep-solid\" style=\"border-color:#e2e2e2;\"><\/div><\/div><\/div><div class=\"fusion-text fusion-text-2\"><nav class=\"bellows-nav\"><ul>\n<li id=\"menu-item--3488\" class=\"menu-item-3488 item-level-0\"><\/li>\n<li id=\"menu-item--3424\" class=\"menu-item-3424 item-level-0\"><\/li>\n<li id=\"menu-item--3462\" class=\"menu-item-3462 item-level-0\"><\/li>\n<li id=\"menu-item--3508\" class=\"menu-item-3508 item-level-0\"><\/li>\n<li id=\"menu-item--1753\" class=\"menu-item-1753 item-level-0\"><\/li>\n<li id=\"menu-item--3615\" class=\"menu-item-3615 item-level-0\"><\/li>\n<li id=\"menu-item--1355\" class=\"menu-item-1355 item-level-0\"><\/li>\n<li id=\"menu-item--101\" class=\"menu-item-101 item-level-0\"><\/li>\n<li id=\"menu-item--3612\" class=\"menu-item-3612 item-level-0\"><\/li>\n<li id=\"menu-item--3619\" class=\"menu-item-3619 item-level-0\"><\/li>\n<li id=\"menu-item--3555\" class=\"menu-item-3555 item-level-0\"><\/li>\n<li id=\"menu-item--3431\" class=\"menu-item-3431 item-level-0\"><\/li>\n<li id=\"menu-item--3492\" class=\"menu-item-3492 item-level-0\"><\/li>\n<li id=\"menu-item--3498\" class=\"menu-item-3498 item-level-0\"><\/li>\n<li id=\"menu-item--3428\" class=\"menu-item-3428 item-level-0\"><\/li>\n<li id=\"menu-item--4255\" class=\"menu-item-4255 item-level-0\"><\/li>\n<li id=\"menu-item--3420\" class=\"menu-item-3420 item-level-0\"><\/li>\n<li id=\"menu-item--3818\" class=\"menu-item-3818 item-level-0\"><\/li>\n<li id=\"menu-item--7\" class=\"menu-item-7 item-level-0\"><\/li>\n<li id=\"menu-item--941\" class=\"menu-item-941 item-level-0\"><\/li>\n<li id=\"menu-item--3501\" class=\"menu-item-3501 item-level-0\"><\/li>\n<li id=\"menu-item--3629\" class=\"menu-item-3629 item-level-0\"><\/li>\n<li id=\"menu-item--3455\" class=\"menu-item-3455 item-level-0\"><\/li>\n<li id=\"menu-item--3495\" class=\"menu-item-3495 item-level-0\"><\/li>\n<li id=\"menu-item--3435\" class=\"menu-item-3435 item-level-0\"><\/li>\n<li id=\"menu-item--3576\" class=\"menu-item-3576 item-level-0\"><\/li>\n<li id=\"menu-item--3504\" class=\"menu-item-3504 item-level-0\"><\/li>\n<li id=\"menu-item--3693\" class=\"menu-item-3693 item-level-0\"><\/li>\n<li id=\"menu-item--1070\" class=\"menu-item-1070 item-level-0\"><\/li>\n<li id=\"menu-item--10\" class=\"menu-item-10 item-level-0\"><\/li>\n<li id=\"menu-item--523\" class=\"menu-item-523 item-level-0\"><\/li>\n<li id=\"menu-item--340\" class=\"menu-item-340 item-level-0\"><\/li>\n<li id=\"menu-item--446\" class=\"menu-item-446 item-level-0\"><\/li>\n<li id=\"menu-item--2\" class=\"menu-item-2 item-level-0\"><\/li>\n<li id=\"menu-item--103\" class=\"menu-item-103 item-level-0\"><\/li>\n<li id=\"menu-item--3883\" class=\"menu-item-3883 item-level-0\"><\/li>\n<li id=\"menu-item--3518\" class=\"menu-item-3518 item-level-0\"><\/li>\n<li id=\"menu-item--2605\" class=\"menu-item-2605 item-level-0\"><\/li>\n<li id=\"menu-item--1706\" class=\"menu-item-1706 item-level-0\"><\/li>\n<li id=\"menu-item--4807\" class=\"menu-item-4807 item-level-0\"><\/li>\n<li id=\"menu-item--105\" class=\"menu-item-105 item-level-0\"><\/li>\n<\/ul><\/nav>\n\n<\/div><\/div><\/div><\/div><\/div><\/p>\n","protected":false},"excerpt":{"rendered":"","protected":false},"author":1,"featured_media":0,"parent":0,"menu_order":0,"comment_status":"closed","ping_status":"closed","template":"100-width.php","meta":{"_acf_changed":false,"footnotes":""},"class_list":["post-101","page","type-page","status-publish","hentry"],"acf":[],"_links":{"self":[{"href":"https:\/\/fainweb.uncoma.edu.ar\/index.php\/wp-json\/wp\/v2\/pages\/101","targetHints":{"allow":["GET"]}}],"collection":[{"href":"https:\/\/fainweb.uncoma.edu.ar\/index.php\/wp-json\/wp\/v2\/pages"}],"about":[{"href":"https:\/\/fainweb.uncoma.edu.ar\/index.php\/wp-json\/wp\/v2\/types\/page"}],"author":[{"embeddable":true,"href":"https:\/\/fainweb.uncoma.edu.ar\/index.php\/wp-json\/wp\/v2\/users\/1"}],"replies":[{"embeddable":true,"href":"https:\/\/fainweb.uncoma.edu.ar\/index.php\/wp-json\/wp\/v2\/comments?post=101"}],"version-history":[{"count":47,"href":"https:\/\/fainweb.uncoma.edu.ar\/index.php\/wp-json\/wp\/v2\/pages\/101\/revisions"}],"predecessor-version":[{"id":4717,"href":"https:\/\/fainweb.uncoma.edu.ar\/index.php\/wp-json\/wp\/v2\/pages\/101\/revisions\/4717"}],"wp:attachment":[{"href":"https:\/\/fainweb.uncoma.edu.ar\/index.php\/wp-json\/wp\/v2\/media?parent=101"}],"curies":[{"name":"wp","href":"https:\/\/api.w.org\/{rel}","templated":true}]}}